Let w(o) = -4*o - 4*o + 5*o - 2 - o + 5*o. Calculate w(m).
-7
Let h(n) = 2*n**2 - 3*n - 13. Let i(v) = 4*v**2 - 6*v - 27. Let r(z) = -5*h(z) + 2*i(z). Let l(c) = c**2 - 2*c - 6. Let j(x) = 7*l(x) + 4*r(x). Calculate j(3).
-13
Let v(h) = -4*h + 6. Let q = 647 - 644. Give v(q).
-6
Let l = -9 - -5. Let z be (1 - l)*12/20. Let f(r) = 3 + r - z. What is f(3)?
3
Suppose -3*q + 162 = 30. Suppose -s = 3*k + 4*s - q, 48 = 5*k + 2*s. Let z(i) = -i**2 + 7*i + 2. Let p be z(k). Let f(r) = r**2 + 6*r + 5. Determine f(p).
5
Let a(q) = -13*q**3 + 2*q**2 + 16*q - 2. Let r(c) = 2*c**3 - 2*c. Let u(l) = a(l) + 6*r(l). Give u(3).
1
Let r(j) = 57 - 2*j - 61 - 9*j**2 + j**3 + 17*j**2. Determine r(-8).
12
Let y(z) = -23*z - 5. Suppose -4*b = -3*p + 18, -5*p = -16*b + 12*b - 22. Determine y(b).
64
Let d(v) be the second derivative of v**5/20 + 5*v**4/12 - 2*v**3/3 - 5*v**2 + 14*v - 2. What is d(-5)?
10
Let t(r) = -195*r**2 + 3*r - 1 + 0*r + 188*r**2. What is t(1)?
-5
Let u(g) = -15*g**2 - 11*g + 12. Let j(f) = 7*f**2 + 5*f - 6. Let w(l) = -13*j(l) - 6*u(l). Give w(-3).
-6
Let h(i) = -2 - 1 - 18*i - 1 + 4 + 3. Calculate h(1).
-15
Let c(f) be the first derivative of 2*f**3/3 - 5*f**2/2 + 2*f - 1. Let a be (195/6)/(-65) - (-18)/4. Calculate c(a).
14
Let s(i) be the second derivative of -i**5/20 - 5*i**4/12 + 7*i**3/6 + 3*i**2/2 + i. Let x(o) = -o**2 - 17*o + 12. Let d be x(-18). What is s(d)?
-3
Let r = 10 + -5. Let q be 0 + 2 + (4 - r). Let o(p) = p**2. Let z(y) = 14*y**3 - 4*y**2 + 1. Let d(c) = 4*o(c) + z(c). Calculate d(q).
15
Let m(q) = 3*q**2 - 2*q**2 + q**3 - 1 + 0*q**3. Let s(u) be the second derivative of u**3/6 - 4*u**2 + 2*u. Let r be s(6). Determine m(r).
-5
Let g(d) = -4*d + 0*d**3 - d**3 + 5*d**2 + 6 + 0*d**3. Let j be 6/(321/78 - 4). Let s be 250/65 + 8/j. What is g(s)?
6
Let l = 0 + 3. Suppose -l = -3*g + 36. Let s = g + -12. Let w(y) = -4*y**3 + 2*y - 1. Give w(s).
-3
Let y(a) = a**3 - 8*a**2 + a - 29. Let s(i) = -4*i**3 + 32*i**2 - 3*i + 116. Let v(k) = 2*s(k) + 9*y(k). Calculate v(8).
-5
Suppose 0 = -35*q + 40*q - 10. Let s(x) = -1 + 2*x + 563*x**2 - 562*x**2 + q. Calculate s(-2).
1
Let g(f) be the first derivative of f**4/12 - 2*f**3/3 + 3*f**2/2 - 7*f + 13. Let d(u) be the first derivative of g(u). Calculate d(4).
3
Let v(m) = -m**3 + 4*m**2 - m + 4. Let h(z) = -z**3 - 5*z**2 - 5*z - 6. Let k be h(-4). Let u be 3*2/(-4)*k. Let c be 0 + (u - 0/(-3)). What is v(c)?
10
Let k(b) = b**2 - 8*b - 3. Let t(i) = 13*i + 8. Let r(o) = -15*o - 9. Let f(m) = -6*r(m) - 7*t(m). Let d(p) = 2*f(p) - k(p). Let a = 1 - -6. Give d(a).
-8
Let i(q) = -q**3 - 2*q**2 + 4*q - 1. Let d(g) = -g - 1. Let j(b) = 3*d(b) + i(b). Determine j(-3).
2
Let z(s) be the first derivative of 2*s**3 - 1/4*s**4 + 3*s + 31 - s**2. Determine z(6).
-9
Let v(f) = 22*f - 40. Let q be v(2). Let u(k) = k**3 - 4*k**2 - 2*k + 8. What is u(q)?
0
Let r(l) = 3*l - 1. Let i = 9 + -10. Let d be (-10 - -13) + (-11)/i. Let k = 11 - d. Calculate r(k).
-10
Let t(c) = -5*c + 4. Let q(m) = 11*m - 8. Let z(o) = -4*q(o) - 9*t(o). Let f be z(5). Let w(v) = -4*v**2 - 1 + 1 + v + 0. Give w(f).
-3
Suppose 0 = 5*k + 1 - 26. Let p(m) = m**3 - 6*m**2 + 5*m + 5. Let r be p(k). Suppose -r*l + 15 = -0*l. Let z(h) = h**3 - 4*h**2 + 5*h - 4. Give z(l).
2
Suppose -4 = -8*z + 12. Let s(j) = 3 - 15 - z*j - 2*j + 8. Calculate s(-3).
8
Let z(v) = v**3 + 7*v**2 - 7*v + 9. Let a be 4 - (6/3 + 10). Give z(a).
1
Let o(h) = -h**2 + 13*h - 1. Let l(q) = 2*q**2 - 15*q + 2. Let f(n) = 4*l(n) + 5*o(n). Give f(-3).
15
Let g be 5/(-2)*(-8)/4. Let j(l) = l - 7. Determine j(g).
-2
Let g(c) = -c - 7. Suppose 3*a - 1 = 2*a. Let z(j) = -1. Let u(n) = a*g(n) - 5*z(n). Let x(b) = -2*b + 5. Let t be x(4). Determine u(t).
1
Let t(g) = g**2. Let h(l) = 4*l**2 - 16. Let f(s) = h(s) - 2*t(s). Let k(i) be the first derivative of f(i). What is k(2)?
8
Let h(a) = -a**3 + a + 5. Let p(w) be the third derivative of -w**5/60 - 7*w**3/6 - 2*w**2. Let c be p(0). Let l be (c + 7)*2/2. Determine h(l).
5
Suppose 5*i = 3*s + 64, 0*s = -2*s - 6. Let c(v) = 14*v**3 - 2*v**3 - 3 - i*v**3 + 6*v - 7*v**2. What is c(6)?
-3
Let i(m) = m**3 - 7*m**2 - 9*m + 5. Let k(v) = -5*v**3 + 36*v**2 + 46*v - 24. Let h(w) = 11*i(w) + 2*k(w). Let p = 530 - 524. Determine h(p).
1
Let d(m) = -m**3 - 3*m + 3. Let h be d(-4). Let x = 75 - h. Let o(i) = i - 1. What is o(x)?
-5
Suppose -r - 41 = -22. Let k be 8/(-20)*(r - (3 - 2)). Let a(f) = f - 5. Calculate a(k).
3
Let l(k) = -4*k + k**2 - 82 + 4*k + 81. Determine l(-3).
8
Suppose 4*j + 2*c + 30 = 3*c, 4*j = -5*c - 18. Let b = 11 + j. Let r(m) = 4*m - 5*m**3 + 4*m**3 + 4 - 3*m - b*m**2. Determine r(-4).
0
Let c(b) be the second derivative of 0 - 5/12*b**4 + 5/2*b**2 - 1/20*b**5 + 31*b + 7/6*b**3. Calculate c(-6).
-1
Let o(v) = -v**3 + 4*v**2 + 5*v + 5. Let b = -127 + 59. Let i = -63 - b. Give o(i).
5
Let t(y) = -y**3 - 9*y**2 - 2*y - 3. Let l be t(-9). Let w(f) = 2*f - 27. What is w(l)?
3
Let z(i) be the first derivative of i**3/3 - 5*i**2 + 14*i + 246. What is z(10)?
14
Let v(b) = 4*b**2 + 9*b - 9. Let d be v(1). Let l(h) = -h + 2. Give l(d).
-2
Suppose -u + 2 = 0, 3*g + 0 = -u - 1. Let t = -291 + 298. Let f = t + g. Let a(w) = -w**3 + 7*w**2 - 7*w - 2. What is a(f)?
-8
Let z(w) = w + 5. Let c(s) = 5*s**2 - 7*s**3 + 2*s**3 + 4*s**3 + 7 - s. Let k be c(5). Let g be (16/(-48))/(k/(-24)). Give z(g).
9
Let c(p) = p**2 + 8*p - 3. Let x = -168 + 162. Determine c(x).
-15
Let y = 49 - 58. Let i(p) = p**2 + 11*p + 12. Determine i(y).
-6
Suppose -44 - 82 = 3*h. Let t = h - -36. Let r(y) = y**3 + 5*y**2 - 5*y - 4. Give r(t).
-10
Suppose 0*m + 4*m + 16 = 0. Let a(d) = d - 5. Let c be a(6). Let y(q) = c - 3 + 2*q + 2 - 1. Calculate y(m).
-9
Let y = -171 + 258. Let c(m) = -m**2 + y*m - 41*m - 47*m - 3 - 6*m**2 + m**3. Determine c(7).
-10
Let m(s) = -3 - 7*s - s**3 + 17*s + s**2 + 7*s**2. Let d be m(9). Let j(c) = -22*c**2 - 2*c + d - c**3 + 28*c**2 - 4*c. Give j(5).
1
Let h = 315 - 944/3. Let d(c) be the third derivative of 0 - h*c**3 + 0*c - 1/60*c**5 + 2*c**2 + 1/24*c**4. Determine d(2).
-4
Let s(g) be the second derivative of -g**6/120 - g**5/30 + g**4/12 - g**3/6 - 2*g**2 - 5*g. Let a(h) be the first derivative of s(h). What is a(-3)?
2
Let z(d) = d**2 - d - 11. Suppose 60 = 5*k + 5*j - 0*j, -5*k = -2*j - 67. Suppose k = 2*g + 13. Determine z(g).
-11
Let q = -878 + 871. Let i(s) = s**3 + 8*s**2 + 4*s - 16. Calculate i(q).
5
Let u(s) = s - 7 - 11*s + 26*s - 11*s - 6*s. Let l(z) = -z**2 - 3*z. Let m be l(-3). Give u(m).
-7
Let p(h) = -h**2 + 7*h + 4. Let y be ((-8)/(-10))/(2 - 1883/945). Let a = y + -103. Determine p(a).
14
Let v(a) = a**3 + 16*a**2 + 2*a + 39. Let m(z) = z**3 - 28*z**2 + 28*z - 43. Let w be m(27). Give v(w).
7
Let r = 22 + -20. Suppose 5*n + r*t = -13, n = -4*n - t - 9. Let y(a) = -7*a**2 - 2*a - 1. Let i be y(n). Let x(w) = w**3 + 5*w**2 - 6*w + 1. Determine x(i).
1
Let y(w) = -4*w**2 + 2*w - 2. Suppose j = -j + 3*n + 2, 4*j + 5*n - 4 = 0. What is y(j)?
-4
Let n(y) = -y**3 + 5*y**2 - 6*y + 5. Suppose 5*x + 2*l = 351, 0 = x + 3*x - 2*l - 288. Let s = x - 67. Calculate n(s).
-3
Let g(t) = -t + 8. Suppose -4*b = -4*a, 0 = -3*a + 2*a + 2*b - 1. Let v(i) = i - 1. Let o be v(a). What is g(o)?
8
Let z be (4/6)/((-2)/3). Let y(b) = 2*b - 2. Let q(k) = 7*k - 6. Let i(c) = -2*q(c) + 6*y(c). What is i(z)?
2
Suppose -a = 4*w - 18, -a + 13 - 1 = 2*w. Let g(j) be the third derivative of -7*j**4/24 - 2*j**3/3 - j**2. Determine g(w).
-25
Let j(k) = -2*k - 10. Let m = -81 + 94. Suppose -7 = 14*g - m*g. What is j(g)?
4
Let l be (24/2)/((-3)/(-2)). Let w(n) = -7*n + 63. Let f(y) = -13*y + 117. Let h(g) = -6*f(g) + 11*w(g). What is h(l)?
-1
Suppose -2*o - 4 = 2*n - 5*o, -4*o - 18 = 2*n. Let p(f) be the first derivative of -1/2*f**2 + 0*f + 7. Give p(n).
5
Let a be (-6)/1*(-8)/6. Suppose 0*b - 4*b = -52. Let m(p) = 5 - a*p + b*p - 7*p. Determine m(4).
-3
Suppose 5*m - 35 = -0*m. Let b(a) = a + 2 - m*a**2 + 4*a**2 - 2*a**2. Determine b(2).
-16
Let u = 6 + -1. Suppose -4*q - 9 = -q - 3*p, -2*q - u*p = -29. Let c(f) = -f - 1 - f + 4*f - f**q + 3. Calculate c(3).
-1
Suppose -b = -0 - 4. Let j be (b - 10)*(-2)/6. Let x = 0 + j. Let k(r) = r. Calculate k(x).
2
Let b(c) = -6*c + 0*c - 13 - 7 + c - 2. Calculate b(-7).
13
Let c(g) = g**2 + 18. Let w be 